{"id":565,"date":"2023-01-24T15:03:02","date_gmt":"2023-01-24T15:03:02","guid":{"rendered":"https:\/\/baumwipfelweg-bad-camberg.de\/?page_id=565"},"modified":"2025-10-27T15:07:55","modified_gmt":"2025-10-27T15:07:55","slug":"home-page","status":"publish","type":"page","link":"https:\/\/dev.forest-adventures.de\/","title":{"rendered":"Home-Page"},"content":{"rendered":"\t\t<div data-elementor-type=\"wp-page\" data-elementor-id=\"565\" class=\"elementor elementor-565\" data-elementor-post-type=\"page\">\n\t\t\t\t\t\t<section class=\"elementor-section elementor-top-section elementor-element elementor-element-abaaa7b elementor-section-full_width elementor-section-height-min-height elementor-section-items-stretch observed-section elementor-hidden-mobile elementor-section-height-default\" data-id=\"abaaa7b\" data-element_type=\"section\" data-e-type=\"section\" id=\"home\" data-settings=\"{&quot;background_background&quot;:&quot;classic&quot;}\">\n\t\t\t\t\t\t\t<div class=\"elementor-background-overlay\"><\/div>\n\t\t\t\t\t\t\t<div class=\"elementor-container elementor-column-gap-no\">\n\t\t\t\t\t<div class=\"elementor-column elementor-col-100 elementor-top-column elementor-element elementor-element-78816d9\" data-id=\"78816d9\" data-element_type=\"column\" data-e-type=\"column\" data-settings=\"{&quot;background_background&quot;:&quot;classic&quot;}\">\n\t\t\t<div class=\"elementor-widget-wrap elementor-element-populated\">\n\t\t\t\t\t<div class=\"elementor-background-overlay\"><\/div>\n\t\t\t\t<div class=\"elementor-element elementor-element-b700de7 elementor-hidden-mobile e-flex e-con-boxed e-con e-parent\" data-id=\"b700de7\" data-element_type=\"container\" data-e-type=\"container\" data-settings=\"{&quot;background_background&quot;:&quot;classic&quot;}\">\n\t\t\t\t\t<div class=\"e-con-inner\">\n\t\t\t\t<div class=\"elementor-element elementor-element-49f18e2 elementor-widget elementor-widget-text-editor\" data-id=\"49f18e2\" data-element_type=\"widget\" data-e-type=\"widget\" data-widget_type=\"text-editor.default\">\n\t\t\t\t<div class=\"elementor-widget-container\">\n\t\t\t\t\t\t\t\t\t<p style=\"text-align: center;\" data-start=\"136\" data-end=\"184\"><span style=\"text-decoration: underline; color: #000000;\"><strong data-start=\"136\" data-end=\"184\">Team Adventures \u2013 Erlebnisse, die verbinden!<\/strong><\/span><\/p><p style=\"text-align: center;\" data-start=\"136\" data-end=\"184\"><span style=\"color: #333333;\">Team Adventures steht f\u00fcr unvergessliche Teamevents in der Natur, professionelle Baumpflege<\/span><span style=\"color: #333333;\"> sowie Bau und Inspektionen von Kletterw\u00e4ldern. <\/span><span style=\"color: #333333;\">Unser Team aus H\u00f6henarbeitern, Baumpflegern, Schreinern und Handwerkern unterschiedlicher Fachrichtungen betreut seit \u00fcber 15 Jahren vor allem Kletterw\u00e4lder und Spielpl\u00e4tze. Ob hoch oben zwischen den Baumwipfeln oder inmitten gemeinsamer Herausforderungen am Boden\u2013wir schaffen Sicherheit und Abenteuer, die Menschen zusammenbringen. Mit Erfahrung, Leidenschaft und einem Blick f\u00fcr jedes Detail begleiten wir Teams, Unternehmen und Naturprojekte auf ihrem Weg nach oben. So verbinden wir Naturerlebnis, Teamgeist und Fachkompetenz zu nachhaltigen Momenten, die im Ged\u00e4chtnis bleiben. <\/span><\/p><p style=\"text-align: center;\" data-start=\"136\" data-end=\"184\"><strong><span style=\"color: #333333;\">Wir freuen uns darauf, Ihr n\u00e4chstes Projekt zu begleiten \u2013 sprechen Sie uns gerne an.<\/span><\/strong><\/p>\t\t\t\t\t\t\t\t<\/div>\n\t\t\t\t<\/div>\n\t\t\t\t\t<\/div>\n\t\t\t\t<\/div>\n\t\t\t\t\t<\/div>\n\t\t<\/div>\n\t\t\t\t\t<\/div>\n\t\t<\/section>\n\t\t\t\t<section class=\"elementor-section elementor-top-section elementor-element elementor-element-6e84a92 elementor-section-full_width elementor-section-height-min-height elementor-section-items-stretch observed-section elementor-hidden-desktop elementor-hidden-tablet elementor-section-height-default\" data-id=\"6e84a92\" data-element_type=\"section\" data-e-type=\"section\" data-settings=\"{&quot;background_background&quot;:&quot;classic&quot;}\">\n\t\t\t\t\t\t\t<div class=\"elementor-background-overlay\"><\/div>\n\t\t\t\t\t\t\t<div class=\"elementor-container elementor-column-gap-no\">\n\t\t\t\t\t<div class=\"elementor-column elementor-col-100 elementor-top-column elementor-element elementor-element-ef8b31f\" data-id=\"ef8b31f\" data-element_type=\"column\" data-e-type=\"column\">\n\t\t\t<div class=\"elementor-widget-wrap elementor-element-populated\">\n\t\t\t\t<div class=\"elementor-element elementor-element-c25ee88 e-flex e-con-boxed e-con e-parent\" data-id=\"c25ee88\" data-element_type=\"container\" data-e-type=\"container\" data-settings=\"{&quot;background_background&quot;:&quot;classic&quot;}\">\n\t\t\t\t\t<div class=\"e-con-inner\">\n\t\t\t\t<div class=\"elementor-element elementor-element-5b451ee elementor-widget elementor-widget-text-editor\" data-id=\"5b451ee\" data-element_type=\"widget\" data-e-type=\"widget\" data-widget_type=\"text-editor.default\">\n\t\t\t\t<div class=\"elementor-widget-container\">\n\t\t\t\t\t\t\t\t\t<p style=\"text-align: center;\" data-start=\"136\" data-end=\"184\"><span style=\"text-decoration: underline; color: #000000;\"><strong data-start=\"136\" data-end=\"184\">Team Adventures \u2013 Erlebnisse, die verbinden!<\/strong><\/span><\/p><p style=\"text-align: center;\" data-start=\"136\" data-end=\"184\"><span style=\"color: #333333;\">Team Adventures steht f\u00fcr unvergessliche Teamevents in der Natur, professionelle Baumpflege sowie Bau und Inspektionen von Kletterw\u00e4ldern. Unser Team aus H\u00f6henarbeitern, Baumpflegern, Schreinern und Handwerkern unterschiedlicher Fachrichtungen betreut seit \u00fcber 15 Jahren vor allem Kletterw\u00e4lder und Spielpl\u00e4tze. Ob hoch oben zwischen den Baumwipfeln oder inmitten gemeinsamer Herausforderungen am Boden\u2013wir schaffen Sicherheit und Abenteuer, die Menschen zusammenbringen. Mit Erfahrung, Leidenschaft und einem Blick f\u00fcr jedes Detail begleiten wir Teams, Unternehmen und Naturprojekte auf ihrem Weg nach oben. So verbinden wir Naturerlebnis, Teamgeist und Fachkompetenz zu nachhaltigen Momenten, die im Ged\u00e4chtnis bleiben. <\/span><\/p><p style=\"text-align: center;\" data-start=\"136\" data-end=\"184\"><strong><span style=\"color: #333333;\">Wir freuen uns darauf, Ihr n\u00e4chstes Projekt zu begleiten \u2013 sprechen Sie uns gerne an.<\/span><\/strong><\/p>\t\t\t\t\t\t\t\t<\/div>\n\t\t\t\t<\/div>\n\t\t\t\t\t<\/div>\n\t\t\t\t<\/div>\n\t\t\t\t\t<\/div>\n\t\t<\/div>\n\t\t\t\t\t<\/div>\n\t\t<\/section>\n\t\t\t\t<\/div>\n\t\t","protected":false},"excerpt":{"rendered":"<p>Team Adventures \u2013 Erlebnisse, die verbinden! Team Adventures steht f\u00fcr unvergessliche Teamevents in der Natur, professionelle Baumpflege sowie Bau und Inspektionen von Kletterw\u00e4ldern. Unser Team aus H\u00f6henarbeitern, Baumpflegern, Schreinern und Handwerkern unterschiedlicher Fachrichtungen betreut seit \u00fcber 15 Jahren vor allem Kletterw\u00e4lder und Spielpl\u00e4tze. Ob hoch oben zwischen den Baumwipfeln oder inmitten gemeinsamer Herausforderungen am Boden\u2013wir [&hellip;]<\/p>\n","protected":false},"author":2,"featured_media":0,"parent":0,"menu_order":0,"comment_status":"closed","ping_status":"closed","template":"elementor_header_footer","meta":{"footnotes":""},"class_list":["post-565","page","type-page","status-publish","hentry"],"_links":{"self":[{"href":"https:\/\/dev.forest-adventures.de\/index.php\/wp-json\/wp\/v2\/pages\/565","targetHints":{"allow":["GET"]}}],"collection":[{"href":"https:\/\/dev.forest-adventures.de\/index.php\/wp-json\/wp\/v2\/pages"}],"about":[{"href":"https:\/\/dev.forest-adventures.de\/index.php\/wp-json\/wp\/v2\/types\/page"}],"author":[{"embeddable":true,"href":"https:\/\/dev.forest-adventures.de\/index.php\/wp-json\/wp\/v2\/users\/2"}],"replies":[{"embeddable":true,"href":"https:\/\/dev.forest-adventures.de\/index.php\/wp-json\/wp\/v2\/comments?post=565"}],"version-history":[{"count":939,"href":"https:\/\/dev.forest-adventures.de\/index.php\/wp-json\/wp\/v2\/pages\/565\/revisions"}],"predecessor-version":[{"id":6687,"href":"https:\/\/dev.forest-adventures.de\/index.php\/wp-json\/wp\/v2\/pages\/565\/revisions\/6687"}],"wp:attachment":[{"href":"https:\/\/dev.forest-adventures.de\/index.php\/wp-json\/wp\/v2\/media?parent=565"}],"curies":[{"name":"wp","href":"https:\/\/api.w.org\/{rel}","templated":true}]}}