{"id":4545,"date":"2025-05-07T10:00:10","date_gmt":"2025-05-07T10:00:10","guid":{"rendered":"https:\/\/dev.forest-adventures.de\/?page_id=4545"},"modified":"2025-10-27T11:00:40","modified_gmt":"2025-10-27T11:00:40","slug":"teamevents-draussen-und-im-kletterwald","status":"publish","type":"page","link":"https:\/\/dev.forest-adventures.de\/index.php\/teamevents-draussen-und-im-kletterwald\/","title":{"rendered":"Teamevents drau\u00dfen und im Kletterwald"},"content":{"rendered":"\t\t<div data-elementor-type=\"wp-page\" data-elementor-id=\"4545\" class=\"elementor elementor-4545\" data-elementor-post-type=\"page\">\n\t\t\t\t\t\t<section class=\"elementor-section elementor-top-section elementor-element elementor-element-8f7bd01 elementor-section-full_width elementor-section-height-min-height elementor-section-items-stretch observed-section elementor-hidden-mobile elementor-section-height-default\" data-id=\"8f7bd01\" data-element_type=\"section\" data-e-type=\"section\" data-settings=\"{&quot;background_background&quot;:&quot;classic&quot;}\">\n\t\t\t\t\t\t\t<div class=\"elementor-background-overlay\"><\/div>\n\t\t\t\t\t\t\t<div class=\"elementor-container elementor-column-gap-no\">\n\t\t\t\t\t<div class=\"elementor-column elementor-col-100 elementor-top-column elementor-element elementor-element-ebb8da0\" data-id=\"ebb8da0\" data-element_type=\"column\" data-e-type=\"column\" data-settings=\"{&quot;background_background&quot;:&quot;classic&quot;}\">\n\t\t\t<div class=\"elementor-widget-wrap elementor-element-populated\">\n\t\t\t\t\t<div class=\"elementor-background-overlay\"><\/div>\n\t\t\t\t<div class=\"elementor-element elementor-element-358482e e-flex e-con-boxed e-con e-parent\" data-id=\"358482e\" data-element_type=\"container\" data-e-type=\"container\" data-settings=\"{&quot;background_background&quot;:&quot;classic&quot;}\">\n\t\t\t\t\t<div class=\"e-con-inner\">\n\t\t\t\t<div class=\"elementor-element elementor-element-26f25dd elementor-widget elementor-widget-text-editor\" data-id=\"26f25dd\" data-element_type=\"widget\" data-e-type=\"widget\" data-widget_type=\"text-editor.default\">\n\t\t\t\t<div class=\"elementor-widget-container\">\n\t\t\t\t\t\t\t\t\t<p class=\"\" style=\"text-align: center;\" data-start=\"105\" data-end=\"410\"><span style=\"text-decoration: underline; color: #000000;\"><strong>Teamevents drau\u00dfen und im Kletterwald<\/strong><\/span><\/p><p class=\"\" style=\"text-align: center;\" data-start=\"105\" data-end=\"410\"><span style=\"color: #333333;\">Raus aus dem B\u00fcro \u2013 rein ins Abenteuer! St\u00e4rken Sie den Teamgeist, f\u00f6rdern Sie das Miteinander und erleben Sie gemeinsam unvergessliche Momente in der Natur. Unsere Teamevents im Kletterwald bieten Ihnen und Ihrem Team genau das: Action, Herausforderung und echtes Wir-Gef\u00fchl \u2013 fernab vom Arbeitsalltag.<\/span><\/p><p class=\"\" style=\"text-align: center;\" data-start=\"412\" data-end=\"625\"><span style=\"color: #333333;\">Ob f\u00fcr Unternehmen, Vereine oder Gruppen \u2013 bei uns wird aus einem gew\u00f6hnlichen Tag ein echtes Erlebnis. Freuen Sie sich auf spannende Kletterparcours, kreative Teamaufgaben und jede Menge Spa\u00df unter freiem Himmel.<\/span><\/p><p class=\"\" style=\"text-align: center;\" data-start=\"412\" data-end=\"625\"><span style=\"color: #333333;\">Gemeinsam wachsen \u2013 hoch hinaus!<\/span><br data-start=\"662\" data-end=\"665\" \/><span style=\"color: #333333;\">Planen Sie jetzt Ihr individuelles Teamevent und lassen Sie uns gemeinsam ein Programm entwickeln, das perfekt zu Ihrem Team passt.<\/span><\/p><p class=\"\" style=\"text-align: center;\" data-start=\"798\" data-end=\"846\"><span style=\"color: #333333;\"><strong data-start=\"798\" data-end=\"846\">Kontaktieren Sie uns \u2013 wir beraten Sie gern!<\/strong><\/span><\/p>\t\t\t\t\t\t\t\t<\/div>\n\t\t\t\t<\/div>\n\t\t\t\t\t<\/div>\n\t\t\t\t<\/div>\n\t\t\t\t\t<\/div>\n\t\t<\/div>\n\t\t\t\t\t<\/div>\n\t\t<\/section>\n\t\t\t\t<section class=\"elementor-section elementor-top-section elementor-element elementor-element-d04f135 elementor-section-full_width elementor-section-height-min-height elementor-section-items-stretch observed-section elementor-hidden-desktop elementor-hidden-tablet elementor-section-height-default\" data-id=\"d04f135\" data-element_type=\"section\" data-e-type=\"section\" data-settings=\"{&quot;background_background&quot;:&quot;classic&quot;}\">\n\t\t\t\t\t\t\t<div class=\"elementor-background-overlay\"><\/div>\n\t\t\t\t\t\t\t<div class=\"elementor-container elementor-column-gap-no\">\n\t\t\t\t\t<div class=\"elementor-column elementor-col-100 elementor-top-column elementor-element elementor-element-3dfca0e\" data-id=\"3dfca0e\" data-element_type=\"column\" data-e-type=\"column\">\n\t\t\t<div class=\"elementor-widget-wrap elementor-element-populated\">\n\t\t\t\t<div class=\"elementor-element elementor-element-6258d11 e-flex e-con-boxed e-con e-parent\" data-id=\"6258d11\" data-element_type=\"container\" data-e-type=\"container\" data-settings=\"{&quot;background_background&quot;:&quot;classic&quot;}\">\n\t\t\t\t\t<div class=\"e-con-inner\">\n\t\t\t\t<div class=\"elementor-element elementor-element-1a19aa8 elementor-widget elementor-widget-text-editor\" data-id=\"1a19aa8\" data-element_type=\"widget\" data-e-type=\"widget\" data-widget_type=\"text-editor.default\">\n\t\t\t\t<div class=\"elementor-widget-container\">\n\t\t\t\t\t\t\t\t\t<p class=\"\" style=\"text-align: center;\" data-start=\"152\" data-end=\"590\"><strong><span style=\"text-decoration: underline;\"><span style=\"color: #000000; text-decoration: underline;\">Teamevents, drau\u00dfen und im Kletterwald<\/span><\/span><\/strong><\/p><p class=\"\" style=\"text-align: center;\" data-start=\"152\" data-end=\"590\"><span style=\"color: #333333;\">Raus aus dem B\u00fcro &#8211; rein ins Abenteuer! St\u00e4rken Sie den Teamgeist, f\u00f6rdern Sie das Miteinander und erleben Sie gemeinsam unvergessliche Momente in der Natur. Unsere Teamevents im Kletterwald bieten Ihnen und Ihrem Team genau das: Action, Herausforderung und echtes <strong>Wir-Gef\u00fchl<\/strong> &#8211; fernab vom Arbeitsalltag.\u00a0<\/span><\/p><p class=\"\" style=\"text-align: center;\" data-start=\"152\" data-end=\"590\"><span style=\"color: #333333;\">Ob f\u00fcr Unternehmen, Vereine oder Gruppen &#8211; bei uns wird aus einem gew\u00f6hnlichen Tag ein echtes Erlebnis. Freuen sie sich auf spannende Kletterparcours, kreative Teamaufgaben und jede Menge Spa\u00df unter freiem Himmel.<\/span><\/p><p class=\"\" style=\"text-align: center;\" data-start=\"152\" data-end=\"590\"><span style=\"color: #333333;\">Planen Sie jetzt Ihr individuelles Teamevent und lassen Sie uns gemeinsam ein Programm entwickeln, das perfekt zu Ihrem Team passt. <\/span><\/p><p class=\"\" style=\"text-align: center;\" data-start=\"152\" data-end=\"590\"><strong><span style=\"color: #333333;\">Kontaktieren Sie uns &#8211; wir beraten Sie gern!<\/span><\/strong><\/p>\t\t\t\t\t\t\t\t<\/div>\n\t\t\t\t<\/div>\n\t\t\t\t\t<\/div>\n\t\t\t\t<\/div>\n\t\t\t\t\t<\/div>\n\t\t<\/div>\n\t\t\t\t\t<\/div>\n\t\t<\/section>\n\t\t\t\t<\/div>\n\t\t","protected":false},"excerpt":{"rendered":"<p>Teamevents drau\u00dfen und im Kletterwald Raus aus dem B\u00fcro \u2013 rein ins Abenteuer! St\u00e4rken Sie den Teamgeist, f\u00f6rdern Sie das Miteinander und erleben Sie gemeinsam unvergessliche Momente in der Natur. Unsere Teamevents im Kletterwald bieten Ihnen und Ihrem Team genau das: Action, Herausforderung und echtes Wir-Gef\u00fchl \u2013 fernab vom Arbeitsalltag. Ob f\u00fcr Unternehmen, Vereine oder [&hellip;]<\/p>\n","protected":false},"author":2,"featured_media":0,"parent":0,"menu_order":0,"comment_status":"closed","ping_status":"closed","template":"elementor_header_footer","meta":{"footnotes":""},"class_list":["post-4545","page","type-page","status-publish","hentry"],"_links":{"self":[{"href":"https:\/\/dev.forest-adventures.de\/index.php\/wp-json\/wp\/v2\/pages\/4545","targetHints":{"allow":["GET"]}}],"collection":[{"href":"https:\/\/dev.forest-adventures.de\/index.php\/wp-json\/wp\/v2\/pages"}],"about":[{"href":"https:\/\/dev.forest-adventures.de\/index.php\/wp-json\/wp\/v2\/types\/page"}],"author":[{"embeddable":true,"href":"https:\/\/dev.forest-adventures.de\/index.php\/wp-json\/wp\/v2\/users\/2"}],"replies":[{"embeddable":true,"href":"https:\/\/dev.forest-adventures.de\/index.php\/wp-json\/wp\/v2\/comments?post=4545"}],"version-history":[{"count":379,"href":"https:\/\/dev.forest-adventures.de\/index.php\/wp-json\/wp\/v2\/pages\/4545\/revisions"}],"predecessor-version":[{"id":6663,"href":"https:\/\/dev.forest-adventures.de\/index.php\/wp-json\/wp\/v2\/pages\/4545\/revisions\/6663"}],"wp:attachment":[{"href":"https:\/\/dev.forest-adventures.de\/index.php\/wp-json\/wp\/v2\/media?parent=4545"}],"curies":[{"name":"wp","href":"https:\/\/api.w.org\/{rel}","templated":true}]}}